s the remainder when d is divided by 8/22*93 + (-4)/(-22)?
31
Suppose -w + 50 = w. Calculate the remainder when 36 is divided by w.
11
Let t(u) = 59*u**2 - 9*u - 9. What is the remainder when t(-1) is divided by 6?
5
Let a = 33 - 19. Suppose 10*d - 240 = -0*d. What is the remainder when d is divided by a?
10
Let j(u) = u**3 - 5*u**2 + 2. Let z be j(5). What is the remainder when 7 - -6 - (9 + -3) is divided by z*(-3)/(-6) + 1?
1
What is the remainder when 497 is divided by (21*(-1)/(-4))/((-25)/(-400))?
77
Suppose 0 = 4*q - 3*b - 484, 9*q - 4*b - 605 = 4*q. What is the remainder when q is divided by 62?
59
Suppose 48*j - 44*j - 788 = 0. What is the remainder when j is divided by 11?
10
Let m = 1524 + -1479. Calculate the remainder when 489 is divided by m.
39
Suppose -144 = -32*r + 240. What is the remainder when 41 is divided by r?
5
Calculate the remainder when 172 is divided by (-23)/(207/(-450)) + -3.
31
Let u(h) = -h + 1. Let q(g) = -1. Let t(a) = 4*q(a) + 5*u(a). Let v(z) = z**3 - 7*z**2 + 6*z - 10. What is the remainder when v(7) is divided by t(-2)?
10
Let w = 454 + -443. What is the remainder when -2 + 4 + 1*39 is divided by w?
8
Let s(d) = d**2 + 3*d. Let n be s(-3). Suppose 3*g = -n*g + 33. Calculate the remainder when g is divided by 7.
4
Let i(b) be the third derivative of -b**6/120 + b**5/10 + b**4/6 - b**3/2 - 10*b**2. Calculate the remainder when 82 is divided by i(6).
19
Let a = 256 + -475. What is the remainder when -4*(-20)/16 - a is divided by 45?
44
Suppose 0*o - 120 = -4*o. Suppose -o = 4*i - 7*i. What is the remainder when 17 is divided by i?
7
Let x(l) = -l**3 + 5*l**2 - 6. Let q be x(6). Let c = 133 - 75. Calculate the remainder when c is divided by ((-10)/7)/(3/q*2).
8
Let x be 180/80 - (-3)/4. Suppose 5*g + x*g = 224. What is the remainder when 110 is divided by g?
26
Suppose -2*v - 2*q + 28 - 10 = 0, -4*v = -2*q - 24. Suppose v = -3*h - 4*z - 10, 2*h + 5*z + 2 = 0. What is the remainder when 6 is divided by (-18 - h)*(-2)/7?
0
Suppose 85*m - 86*m = -6. Let r(j) = -j**3 + 7*j**2 - 6*j + 7. What is the remainder when 10/(m - 4) + 19 is divided by r(6)?
3
Suppose -8*o + 3048 - 2904 = 0. What is the remainder when 265 is divided by o?
13
Let j = 386 + -199. Suppose -108*y + 1208 = -2896. What is the remainder when j is divided by y?
35
Let f(g) = 36*g - 7. What is the remainder when f(21) is divided by 47?
44
Suppose l = -2*b + 38, -6*b + 3*b = 2*l - 78. What is the remainder when 163 is divided by l?
37
Suppose 0 = -2*o + 8*o - 150. Suppose 4*c - o = 55. Suppose -2*m - 5*h - 1 = 0, 11 = -3*m - h + 29. What is the remainder when c is divided by m?
6
Let k(p) = -p**3 - p**2 - 5*p - 33. What is the remainder when k(-5) is divided by 28?
8
What is the remainder when 150 - (8 + (-3 - -2)) is divided by 72?
71
Let t(l) = l**3 - 2*l**2 + 25*l - 11. What is the remainder when t(6) is divided by 19?
17
Let g(n) = n**3 - 6*n**2 - 19*n - 45. What is the remainder when 185 is divided by g(9)?
23
Let g(s) = -s**3 + 5*s**2 + 8*s - 8. Let n be g(6). Suppose 0 = 4*p - 8, -n*v - p + 10 = -2*p. What is the remainder when 45 - (-3 + 0/v) is divided by 17?
14
What is the remainder when 240 is divided by 79 + ((-32)/40)/((-2)/(-10))?
15
Let t = 50 + 106. Let u(f) = f**2 + 3*f + 4. Let i be u(-3). Suppose -56 + t = i*o. What is the remainder when o is divided by 14?
11
Suppose -2*k = 6, -2*i + 4*k + 512 = 8*k. What is the remainder when i is divided by 44?
42
Suppose -2*n - 510 = -4*y, -3*y + 6*y - 375 = 3*n. Calculate the remainder when y is divided by 55.
20
Suppose 2*s - 5*x = s + 5, -2*s - 2*x = 2. Let u = 3 + s. Suppose -z - 5*i + 36 = 0, -z + 3*z - u*i = 46. Calculate the remainder when z is divided by 9.
8
Suppose h + 0*h + 100 = 3*u, -2*h = -u + 35. What is the remainder when 163 is divided by u?
31
Let d(q) = 8*q - 30. What is the remainder when d(15) is divided by 19?
14
Let t = 39 - 37. Calculate the remainder when 54 is divided by t/8 - (-731)/68.
10
Let p(n) = n**3 - 14*n**2 + n - 5. Let b be p(14). Suppose 45 = -14*y + b*y. Let u = -6 - y. What is the remainder when 14 is divided by u?
2
Let x be 3/(-5) + (-288)/20. Suppose -c - 5*w = -27, -w - 81 = -3*c + w. Calculate the remainder when c is divided by (-9 + 0)/(9/x).
12
Suppose -73*p + 64*p + 144 = 0. Calculate the remainder when 223 is divided by p.
15
Suppose -64*p = -699 - 837. Calculate the remainder when 39 is divided by p.
15
Suppose -2*q - b = -30, 5*q + 4*b - 7*b - 75 = 0. Let d(g) = -7*g**3 - 4*g**2 - 2*g. Let l = 3 + -5. Calculate the remainder when d(l) is divided by q.
14
Let z be (-5)/5*(0 - -12). Let k = z + 10. Calculate the remainder when 2 is divided by k/1*(-6)/12.
0
Let d = 29 - 29. Suppose -22*z + 24*z - 126 = d. What is the remainder when z is divided by 22?
19
Let r = 995 + -964. What is the remainder when 369 is divided by r?
28
Let f(h) = -3*h + 18. Let i be f(8). Let l = i + 8. What is the remainder when 5 is divided by l?
1
Suppose 6*m = -138 + 642. Let p = 7 + -1. Let h(u) = u**3 - 6*u**2 + 3*u - 1. Calculate the remainder when m is divided by h(p).
16
Let y = -214 + 223. Let c(i) = -i**3 + i + 24. What is the remainder when c(0) is divided by y?
6
Let b = -807 - -864. What is the remainder when 227 is divided by b?
56
Let d(a) = -a**2 - 17*a + 10. Let j be d(-20). Let u = 14 - j. Calculate the remainder when u is divided by 22.
20
Let k(g) = 3*g**2 - 108*g + 23. Calculate the remainder when 81 is divided by k(36).
12
Let r be 2/10 + 144/(-20). What is the remainder when 77 is divided by 30/r*(-42)/9?
17
Let c(a) = a**2 - a - 8. Let q be c(0). Let z be 106/(-4)*q/4. Let m = -32 + z. What is the remainder when m is divided by 6?
3
Let z(p) = 48*p**2 + p - 3. Let g be 4/10 - 16/(-10). Suppose -5*f - a + 79 = 0, -g*f = -4*a - 48 + 12. Calculate the remainder when z(1) is divided by f.
14
Let j(v) = -9*v**2 - 9*v + 5 + 4*v**2 + 8*v**2. Suppose -2*i + 54 = 3*f, -5*i + 90 - 25 = 4*f. What is the remainder when j(6) is divided by f?
19
Suppose -5*h = -3*g - 164, 6*h + g + 65 = 8*h. What is the remainder when h is divided by 17?
14
Let g(q) = 6*q - 96. What is the remainder when g(27) is divided by 56?
10
Let r = 18 + -22. Let f be (-7 + 47)/(r/(-10)). Suppose -2*g + 2*l = -f, 4*l - 2 + 18 = 0. Calculate the remainder when g is divided by 12.
10
Let y(o) = -o**2 - 17*o - 13. Let f be y(-16). Suppose -f*l + 25 = 2*l - 3*w, 0 = -l - 5*w - 23. Calculate the remainder when 17 is divided by l.
1
Calculate the remainder when 257 is divided by -74*(16 - 7)/(-18).
35
Suppose 0 = 3*r + 1 - 13. Suppose -x + 5*q = -19, -6*x + 211 = -x + r*q. Let h = 0 + 6. Calculate the remainder when x is divided by h.
3
Let a = -3 + 26. Calculate the remainder when 106 is divided by a.
14
Let w be 18/4*(-12)/(-6). Suppose t - 6 = w. What is the remainder when ((-156)/(-8))/(3/4) is divided by t?
11
Let b(o) = -o**3 + 3*o**2 + 2. Let m(q) = q**3 + 9*q**2 + 2. Let r be m(-9). Let k be b(r). Suppose k = -p + 4*p. What is the remainder when 2 is divided by p?
0
Let m(h) = h**3 + 7*h**2 + 4*h - 6. Let n be 2/12*9*2. Let r be -3 + 3*(-4 + n). Calculate the remainder when 11 is divided by m(r).
5
Let g(h) = 3*h**2 + 3. Suppose -2*m = 12*m - 826. What is the remainder when m is divided by g(-3)?
29
Let w(s) = -4*s - 3. Let x = 181 + -170. Suppose 0 = -x*d + 40 + 4. Calculate the remainder when w(-4) is divided by d.
1
Suppose -867 = -4*k + 5*n, -5*k - 206 = -n - 1316. What is the remainder when k is divided by 5?
3
Suppose 15 - 58 = -r. What is the remainder when r is divided by 17?
9
Suppose 8392 = -56*j + 64*j. What is the remainder when j is divided by 117?
113
Suppose -5*f + 2*w + 318 = -2, -2*f - 2*w + 128 = 0. Calculate the remainder when 85 is divided by f.
21
Let y = -825 - -868. Calculate the remainder when y is divided by 39.
4
Let b be (2 + 1)*(-7)/(-7). Suppose -b*n = -2*n - 49. Let c = -27 + n. What is the remainder when 65 is divided by c?
21
Let r be (-1)/(4 - (-60)/(-16)). Let h(o) = 0*o**3 - 2*o**3 - 1 - 3*o**2 + o**3 - 2. What is the remainder when 38 is divided by h(r)?
12
Let o(z) = 2*z**2 - 2*z - 2. Let y be (-46)/(-8) + 1/4. Suppose 0 = -7479*a + 7563*a - 1260. Calculate the remainder when o(y) is divided by a.
13
What is the remainder when 1573 is divided by (-6